6 - -10?
-16
In base 11, what is -6 - -547?
541
In base 7, what is 262 - 1?
261
In base 7, what is 1 - -104?
105
In base 14, what is -6 - ca?
-d2
In base 6, what is -1 + 34?
33
In base 13, what is -42 + -a?
-4c
In base 3, what is -11202211 - 10?
-11202221
In base 12, what is 5303 + -5?
52ba
In base 4, what is 2002 - 21?
1321
In base 7, what is 1 - -43?
44
In base 7, what is 30 + 115?
145
In base 3, what is -11 - 22?
-110
In base 15, what is 1 + 20?
21
In base 6, what is 1003 - 0?
1003
In base 5, what is 10 + 201?
211
In base 13, what is 3 + 14a?
150
In base 6, what is 4 + 2?
10
In base 8, what is 2 + -1177?
-1175
In base 2, what is -1100 - -110?
-110
In base 8, what is 0 + -130?
-130
In base 5, what is -3 + -102?
-110
In base 12, what is -a24 + -6?
-a2a
In base 6, what is -51023 + 0?
-51023
In base 9, what is -17248 - 5?
-17254
In base 12, what is 0 + -29?
-29
In base 7, what is 1136 - 3?
1133
In base 12, what is -2 - -841?
83b
In base 5, what is -2212 + -10?
-2222
In base 9, what is -2 - -1708?
1706
In base 14, what is -9 - -310?
305
In base 4, what is -1 - 30230?
-30231
In base 7, what is 0 - 205?
-205
In base 7, what is 50 - -2?
52
In base 10, what is -4 - -52?
48
In base 8, what is -2 - 110?
-112
In base 3, what is -10 + -100201?
-100211
In base 4, what is 221233 - 3?
221230
In base 14, what is -204 - -a?
-1d8
In base 12, what is 226b - -a?
2279
In base 6, what is -444 - 2?
-450
In base 9, what is -22 - -84?
62
In base 15, what is -21 - -25?
4
In base 16, what is -7f7 + -3?
-7fa
In base 2, what is 101 - -1010100?
1011001
In base 5, what is 44 + 3?
102
In base 10, what is -154 - 15?
-169
In base 11, what is -259 - -5?
-254
In base 9, what is -30 + -60?
-100
In base 13, what is -1 - -b5?
b4
In base 10, what is -5 + -2556?
-2561
In base 6, what is -3 + 144?
141
In base 11, what is 47a + -2?
478
In base 6, what is 403 + 4?
411
In base 2, what is 1110 - -101100?
111010
In base 12, what is -36 + 40?
6
In base 13, what is 4b - 6?
45
In base 7, what is 10 + 23?
33
In base 15, what is -33 - 1?
-34
In base 8, what is 3 + 36?
41
In base 7, what is -141603 - 0?
-141603
In base 13, what is 75 - 1a?
58
In base 11, what is 170 - -4?
174
In base 8, what is 5 - 1272?
-1265
In base 7, what is 1 + -43?
-42
In base 15, what is -178 - 0?
-178
In base 5, what is 1 + 14430?
14431
In base 4, what is -201 - 2313?
-3120
In base 15, what is 2 - -7d?
80
In base 16, what is -5ef - -4?
-5eb
In base 10, what is -93 - 2?
-95
In base 7, what is -3 - -220?
214
In base 9, what is -5 - 50?
-55
In base 9, what is 2 + 1?
3
In base 13, what is 3 - -342?
345
In base 13, what is -2 - 192?
-194
In base 6, what is 2533 + -2?
2531
In base 3, what is 1 - 1?
0
In base 11, what is -61a9 + 3?
-61a6
In base 16, what is 54 - -2?
56
In base 10, what is 32 - 5?
27
In base 4, what is 30003212 - -10?
30003222
In base 5, what is 3 + -2320?
-2312
In base 7, what is -532 - 2?
-534
In base 15, what is 7 - 1c?
-15
In base 13, what is 1368b - -3?
13691
In base 8, what is 5 - -237?
244
In base 15, what is 2 - 6d?
-6b
In base 13, what is -38 - 84?
-bc
In base 9, what is 6 + -1230?
-1223
In base 12, what is 85 - 1b?
66
In base 11, what is 0 + 42?
42
In base 4, what is -13 + 32031?
32012
In base 5, what is -41403 + 10?
-41343
In base 13, what is -2 + -117?
-119
In base 6, what is 115 - -232?
351
In base 11, what is 3 + -789?
-786
In base 11, what is -863 - -5?
-859
In base 16, what is -6 - -31?
2b
In base 8, what is -4 - 241?
-245
In base 10, what is -1092 - 3?
-1095
In base 6, what is 35453 - 5?
35444
In base 9, what is -6 - -2?
-4
In base 13, what is -6 + 4?
-2
In base 11, what is 31586 + -4?
31582
In base 8, what is -1672 - 0?
-1672
In base 11, what is -121 - -24?
-a8
In base 10, what is 8 - -9?
17
In base 14, what is -396 + 1?
-395
In base 8, what is 10 - -12?
22
In base 7, what is -2 - -215?
213
In base 12, what is -3 + -48a?
-491
In base 14, what is -b31 + 5?
-b2a
In base 11, what is -5 + 16a?
165
In base 11, what is -2 + -407?
-409
In base 5, what is -30 + -122?
-202
In base 16, what is 76 + -2?
74
In base 4, what is 10 - 2131?
-2121
In base 4, what is 1112223 + 0?
1112223
In base 15, what is -126 - -5?
-121
In base 8, what is -2 + -122?
-124
In base 13, what is -2 - -1?
-1
In base 12, what is -b6a9 + 4?
-b6a5
In base 13, what is 74 - -1?
75
In base 5, what is -3100 + -2?
-3102
In base 5, what is -2 - -12?
10
In base 14, what is -d5 + -3?
-d8
In base 10, what is -2 + 100?
98
In base 15, what is -6 + -57?
-5d
In base 16, what is 27f - -3?
282
In base 16, what is 1a - -17?
31
In base 8, what is 34 + -4?
30
In base 7, what is 1 - -1364?
1365
In base 3, what is 12 - -2020?
2102
In base 13, what is 3 - -c7?
ca
In base 14, what is 5 + 2b1?
2b6
In base 13, what is -12 + -10?
-22
In base 9, what is 20 - 17?
2
In base 7, what is 164522 + 1?
164523
In base 8, what is 3 + 150?
153
In base 6, what is 3 - 2412?
-2405
In base 13, what is 678 + -3?
675
In base 10, what is -3 - -3966?
3963
In base 8, what is 174 - 15?
157
In base 12, what is -15 - -20?
7
In base 15, what is 0 - 171?
-171
In base 10, what is 0 + -204?
-204
In base 6, what is 1122 + -1?
1121
In base 10, what is 133 + -102?
31
In base 11, what is 59 + 1a1?
24a
In base 9, what is -3 + -807?
-811
In base 15, what is -427 - 0?
-427
In base 6, what is 2115 - 5?
2110
In base 12, what is 14 - 4?
10
In base 15, what is 0 - -325?
325
In base 11, what is -1617 + 2?
-1615
In base 14, what is -5 + ad4?
acd
In base 7, what is -2 - -343?
341
In base 11, what is -4 - 75?
-79
In base 5, what is -243403 + -1?
-243404
In base 10, what is 160 + 20?
180
In base 3, what is 1022 + -2022?
-1000
In base 9, what is 40 - -4?
44
In base 13, what is -4 - -219?
215
In base 3, what is 0 + -1002?
-1002
In base 5, what is 2 + -1324?
-1322
In base 10, what is 2 + 36?
38
In base 15, what is 1d7b + 4?
1d80
In base 11, what is 4 - 62?
-59
In base 13, what is 2 - 18c?
-18a
In base 6, what is 1222 - -20?
1242
In base 2, what is 100 + 101010?
101110
In base 2, what is 1100 + 1000100?
1010000
In base 2, what is -1 + -100010001?
-100010010
In base 3, what is 1020 + 10?
1100
In base 8, what is 14 + 1127?
1143
In base 13, what is 109b - 4?
1097
In base 3, what is -1 - -10021020?
10021012
In base 7, what is -110 - -1126?
1016
In base 6, what is 4 - 21?
-13
In base 13, what is -7a + 8?
-72
In base 3, what is 0 + -2?
-2
In base 10, what is -2212 + 2?
-2210
In base 4, what is -10112 - -30?
-10022
In base 12, what is 1a + 10?
2a
In base 12, what is 103 + 1?
104
In base 11, what is 34 + 5?
39
In base 8, what is -3 - 27?
-32
In base 15, what is -c100 + 2?
-c0ed
In base 4, what is 10 - -13311?
13321
In base 5, what is -12 - 2401?
-2413
In base 2, what is 110 - -110101?
111011
In base 4, what is 2 - 1020?
-1012
In base 16, what is -a + 90?
86
In base 10, what is -5 + -90?
-95
In base 4, what is 10 + 211?
221
In base 10, what is 3 + 522?
525
In base 7, what is 2145 + -2?
2143
In base 7, what is -41303 - 3?
-41306
In base 5, what is -2 - 201?
-203
In base 2, what is 10 - -1011110101?
1011110111
In base 15, what is 5 + -19ab?
-19a6
In base 16, what is 2 - -18b6?
18b8
In base 9, what is 1 - -473?
474
In base 13, what is -7 + 3?
-4
In base 12, what is -30 + 11?
-1b
In base 6, what is 154 - 1?
153
In base 12, what is -1 - 8a?
-8b
In base 3, what is 10 - -202221?
210001
In base 7, what is -5 - -1025?
1020
In base 12, what is 2b - -79?
a8
In base 14, what is 4 + 1208?
120c
In base 13, what is -99 - -1?
-98
In base 6, what is 22 - -200?
222
In base 11, what is -328 + -2?
-32a
In base 2, what is 100010 - 1111100?
-1011010
In base 5, what is -3 + -10343?
-10401
In base 8, what is -2 - 51?
-53
In base 2, what is -100 + 111111?
111011
In base 12, what is -2 - 85?
-87
In base 12, what is 33 - 1?
32
In base 8, what is -454 - -1?
-453
In base 16, what is 4 + -3c?
-38
In base 6, what is 23 + -151?
-124
In base 7, what is 44 + 3?
50
In base 6, what is -1 + -221?
-222
In base 3, what is 10211 - -111?
11022
In base 14, what is 72 + 5?
77
In base 9, what is -6 - -235?
228
In base 14, what is 15 + 2b?
42
In base 14, what is -5d6 + -2?
-5d8
In base 16, what is 3dfa + -1?
3df9
In base 14, what is -199 - 4?
-19d
In base 16, what is -5 - 325?
-32a
In base 3, what is -11 - -110001?
102220
In base 16, what is 4 + -7?
-3